{"id":18220,"date":"2022-02-03T10:50:11","date_gmt":"2022-02-03T09:50:11","guid":{"rendered":"https:\/\/gastropares.se\/?post_type=product&#038;p=18220"},"modified":"2022-03-03T07:56:43","modified_gmt":"2022-03-03T06:56:43","slug":"ratt-pa-ratt-satt-talcd","status":"publish","type":"product","link":"https:\/\/gastropares.se\/index.php\/produkt\/ratt-pa-ratt-satt-talcd\/","title":{"rendered":"R\u00e4tt p\u00e5 r\u00e4tt s\u00e4tt (som tal-CD f\u00f6r Daisy-spelare)"},"content":{"rendered":"<div>&#8221;R\u00e4tt p\u00e5 r\u00e4tt s\u00e4tt&#8221; inl\u00e4st p\u00e5 DC f\u00f6r Daisy-spelare \u00e4r riktad som r\u00e5d och hj\u00e4lp till personer med diabetes och gastropares. Inneh\u00e5ller recept p\u00e5 soppor, gr\u00f6nsaks-, k\u00f6tt- och fiskr\u00e4tter, vegetariska r\u00e4tter samt goda s\u00e5ser och desserter.<\/div>\n<div>\n<p>Boken inneh\u00e5ller exempel p\u00e5 symptom vid f\u00f6rdr\u00f6jd mags\u00e4ckst\u00f6mning. Den visar hur mags\u00e4cken arbetar b\u00e5de normalt samt med minskad motorik (tydliga illustrationer p\u00e5 f\u00f6domotoriken). Boken tar ocks\u00e5 upp att hela mag-tarmkanalen har minskad motorik. H\u00e4r ges exempel p\u00e5 sv\u00e5r- och l\u00e4ttsm\u00e4lt mat samt hur viktigt det \u00e4r med balans mellan maten och insulinets verkningsprofil. Boken beskriver orsaker till respektive symptom. H\u00e4r f\u00f6rklaras ocks\u00e5 hur maten b\u00f6r vara vid gastropares.<\/p>\n<p>I boken hittar du menyf\u00f6rslag och l\u00e4mpliga recept p\u00e5 soppor, gr\u00f6nsaks-, fisk-, kyckling- och k\u00f6ttr\u00e4tter samt goda s\u00e5ser och desserter.<\/p>\n<\/div>\n","protected":false},"excerpt":{"rendered":"<div>Boken &#8221;R\u00e4tt p\u00e5 r\u00e4tt s\u00e4tt&#8221; inl\u00e4st p\u00e5 DC f\u00f6r Daisy-spelare \u00e4r riktad som r\u00e5d och hj\u00e4lp till personer med diabetes och gastropares. Inneh\u00e5ller recept p\u00e5 soppor, gr\u00f6nsaks-, k\u00f6tt- och fiskr\u00e4tter, vegetariska r\u00e4tter samt goda s\u00e5ser och desserter.<\/div>\n","protected":false},"featured_media":18394,"template":"","meta":{"_et_pb_use_builder":"off","_et_pb_old_content":"<div class=\"et_pb_blurb_description\">\r\n\r\nBoken \"R\u00e4tt p\u00e5 r\u00e4tt s\u00e4tt\" \u00e4r riktad som r\u00e5d och hj\u00e4lp till diabetiker. Inneh\u00e5ller recept p\u00e5 soppor, gr\u00f6nsaks-, k\u00f6tt- och fiskr\u00e4tter samt goda s\u00e5ser och desserter. L\u00e4s mer under knappen \u201dR\u00e4tt p\u00e5 R\u00e4tt S\u00e4tt\u201d. Boken finns \u00e4ven inl\u00e4st p\u00e5 CD f\u00f6r Daisy-spelare.\r\n\r\nBoken inneh\u00e5ller exempel p\u00e5 symptom vid f\u00f6rdr\u00f6jd mags\u00e4ckst\u00f6mning. Den visar hur mags\u00e4cken arbetar b\u00e5de normalt samt med minskad motorik (tydliga illustrationer p\u00e5 f\u00f6domotoriken). Boken tar ocks\u00e5 upp att hela mag- och tarmkanalen har minskad motorik. H\u00e4r ges exempel p\u00e5 sv\u00e5r- och l\u00e4ttsm\u00e4lt mat samt hur viktigt det \u00e4r med balans mellan maten och insulinets verkningsprofil. Boken beskriver orsaker till respektive symptom. H\u00e4r f\u00f6rklaras ocks\u00e5 hur maten b\u00f6r vara vid gastropares.\r\n\r\nI boken hittar du menyf\u00f6rslag och l\u00e4mpliga recept p\u00e5 soppor, gr\u00f6nsaks-, fisk-, kyckling- och k\u00f6ttr\u00e4tter samt goda s\u00e5ser och desserter.\r\n\r\n<\/div>","_et_gb_content_width":""},"product_brand":[],"product_cat":[35],"product_tag":[],"class_list":{"0":"post-18220","1":"product","2":"type-product","3":"status-publish","4":"has-post-thumbnail","6":"product_cat-cd","8":"first","9":"instock","10":"taxable","11":"shipping-taxable","12":"purchasable","13":"product-type-simple"},"aioseo_notices":[],"_links":{"self":[{"href":"https:\/\/gastropares.se\/index.php\/wp-json\/wp\/v2\/product\/18220","targetHints":{"allow":["GET"]}}],"collection":[{"href":"https:\/\/gastropares.se\/index.php\/wp-json\/wp\/v2\/product"}],"about":[{"href":"https:\/\/gastropares.se\/index.php\/wp-json\/wp\/v2\/types\/product"}],"wp:featuredmedia":[{"embeddable":true,"href":"https:\/\/gastropares.se\/index.php\/wp-json\/wp\/v2\/media\/18394"}],"wp:attachment":[{"href":"https:\/\/gastropares.se\/index.php\/wp-json\/wp\/v2\/media?parent=18220"}],"wp:term":[{"taxonomy":"product_brand","embeddable":true,"href":"https:\/\/gastropares.se\/index.php\/wp-json\/wp\/v2\/product_brand?post=18220"},{"taxonomy":"product_cat","embeddable":true,"href":"https:\/\/gastropares.se\/index.php\/wp-json\/wp\/v2\/product_cat?post=18220"},{"taxonomy":"product_tag","embeddable":true,"href":"https:\/\/gastropares.se\/index.php\/wp-json\/wp\/v2\/product_tag?post=18220"}],"curies":[{"name":"wp","href":"https:\/\/api.w.org\/{rel}","templated":true}]}}